What is the units digit of q?
1
Let o = 6457 - 3717. What is the thousands digit of o?
2
Suppose 3*f = -3*i - 0*i - 72, 5*f - 4*i + 84 = 0. Let p be (-6)/(-15)*5*f. Let g = p - -72. What is the units digit of g?
2
Let d(y) = -36*y + 15. Let m be d(-8). Let h = m - 65. What is the units digit of h?
8
Let g = 4244 + -728. What is the tens digit of g?
1
Let i = -33 - -33. Suppose -3*s + 2*s + 22 = i. Let u = 84 - s. What is the tens digit of u?
6
Suppose -5*x - 5*n = -35, -3*x - 3*n - 3 = -8*n. Let f(r) = 5*r**2 + 13. What is the units digit of f(x)?
3
What is the hundreds digit of (-2)/(-4) + (-10285)/(-34)?
3
Suppose -5*r = -22 + 2. Suppose -5*m = -r*v + 13 - 57, -24 = -m - 3*v. What is the units digit of m?
2
Suppose -2*m + 1368 = -y, -5*y - 2748 = -4*m - 0*m. What is the tens digit of m?
8
Let f = 8 + 108. Suppose -z + f = 3*x, -2*z - 77 - 81 = -4*x. Suppose -x = -w - 0*w + o, 3*w = -5*o + 101. What is the tens digit of w?
3
Let x(m) = -m**3 + 13*m**2 - 11*m - 10. Let b be x(12). Suppose b*r - 51 = 81. What is the units digit of r?
6
Let c be 26 - (-21 + 1)/(-4). Suppose 90 = 3*k - 3*s, -5*k + 40 = 3*s - 94. What is the units digit of (3/2)/(c/k)?
2
Suppose 0 = -i - s - 8 + 49, 3*i - 4*s = 144. What is the units digit of i?
4
Let l(i) = 125*i**2 + 69*i - 293. What is the tens digit of l(4)?
8
Let h = 32 + -45. Let k be (-2)/h + (-121)/(-143). Suppose -3*x = -4*x + 5*d - k, 0 = 5*d - 15. What is the units digit of x?
4
Let u(b) = 4 - 3 - 22*b**2 + 2*b + 26*b**2. Let l be u(-1). Suppose 4*w + w = k + 85, l*w + 2*k = 38. What is the tens digit of w?
1
Let a = -885 - -1359. What is the units digit of a?
4
Suppose -s = 61 - 66. Let t(k) = -k**2 - k + 45. Let f be t(0). Suppose -n + f = -4*d, -64 + 319 = 5*n - s*d. What is the units digit of n?
3
Let p(a) = -13*a - 21. What is the units digit of p(-5)?
4
Let w(n) = 1246*n**2 - 2*n + 1. What is the thousands digit of w(1)?
1
Let f = 152 - 101. What is the tens digit of f?
5
Let o(u) = -u**2 - 10*u - 44. Let j be o(-12). Suppose -3*d = -1 + 124. Let n = d - j. What is the units digit of n?
7
What is the hundreds digit of -3004*(-5 + 15/(-12) + 6)?
7
Suppose 4*u - 4*f = 1692, 5*f - 2*f - 2123 = -5*u. What is the hundreds digit of u?
4
Suppose 6*w + 88 = 8914. What is the units digit of w?
1
Let b be 1/((-2)/24 + 9/27). Suppose v = 2, 90 + 20 = b*d + 5*v. What is the units digit of d?
5
Let w be (6 + -1)*24/40. Suppose w*d - 12 = 0, -z - 2*d + 29 = 2*z. Let t(x) = 2*x + 8. What is the units digit of t(z)?
2
Let i be (-1)/(4/6 + -1). Suppose -3*u = -5*g + u - 4, 3 = -2*g + 3*u. Suppose g = 2*b + 5*k - 18 - 4, -2*b = i*k - 18. What is the units digit of b?
6
Let b(y) = -7*y + 2. Let d = -23 + 16. Let j be b(d). Let f = j - 29. What is the tens digit of f?
2
Let j(s) = 16*s + 18. Let q = -57 - -65. What is the hundreds digit of j(q)?
1
Let v(w) = -20 + w + 11 + 7. Let m be v(7). Let y = m - -6. What is the tens digit of y?
1
Suppose f + 2*p + 26 = 3*f, -2*p = -4*f + 54. Suppose 6*y = 4 + f. What is the units digit of y?
3
Let l be -4*((-14)/8 + 1). Let m(a) = -a**2 + 4*a - 1. Let y be m(l). Suppose -5*i + 45 = -5*w, 0 = 5*i - y*w - 26 - 7. What is the units digit of i?
5
Let f(g) = 26*g - 201. What is the units digit of f(14)?
3
Suppose 2*r = 62 + 86. Let z = r - 26. What is the units digit of z?
8
Let s = 22 - -6. Suppose -s = -0*j - 4*j + 4*t, 2*t = 3*j - 24. Suppose -11 = f + 4*c, -4*f = c - j - 21. What is the units digit of f?
9
Suppose 0*m - 6*m = 0. Suppose -4*u - g = -214, m = -2*u - g + 39 + 67. What is the tens digit of u?
5
Let d(c) = 31*c**3 + 3*c**2 + 11*c + 9. Let z(u) = -u - 1. Let l(b) = -d(b) - 6*z(b). What is the tens digit of l(-1)?
3
Suppose 9 = -2*w + 5*w. Suppose 3 + 186 = w*v. What is the tens digit of v?
6
Suppose -330 = -3*p + 66. Suppose 2*s = -0*s - 4*f + p, 0 = s + 5*f - 60. What is the tens digit of s/4*(-160)/(-56)?
5
Suppose -8661 = -16*r + 13*r. What is the units digit of r?
7
Let w(c) = 2*c**3 + 2*c**2 - 1. Let v(u) = u + u - 16*u - 5 + u**3 + 12*u**2 - 6. Let p be v(-13). What is the tens digit of w(p)?
2
Let k(b) be the first derivative of 3*b**3 + b**2 - 5*b - 7. What is the tens digit of k(3)?
8
Let k(x) = x**2 - 3*x. Let u be k(3). Suppose -4*j + 3*j + 86 = u. What is the units digit of j?
6
Suppose -o + 2*q + 92 = 0, -3*o + 261 = 2*q - 39. What is the units digit of o/2 + (2 - -2)/2?
1
Suppose -2*z + z + 418 = 0. Let g = z - 159. Suppose 0 = -k - 6*k + g. What is the units digit of k?
7
Let s(g) = -14*g**2 + 5*g - 10. Let y be s(2). What is the units digit of 0 + y/(-2) - (36 + -34)?
6
Suppose -2*j + 5*m = -0*m - 27, 0 = 4*j + 4*m - 12. Let u(l) = -l**3 + 7*l**2 - 3*l. Let r be u(j). Suppose 0 = -k + 4*k - r. What is the units digit of k?
6
Suppose 0 + 10 = -2*y + 5*g, 3*g - 18 = 2*y. Let b = 106 + y. What is the units digit of b?
1
Suppose 4*c = t + 2*t + 99, 50 = 2*c - 2*t. Suppose 2*d - d = 2. Suppose -5*h + j = -60, d*h + 4*j = -0*j + c. What is the tens digit of h?
1
Let b(x) = -x**3 - 8*x**2 - 14*x - 10. Let n be b(-6). Suppose 185 = 2*c + i, -n*c + i = -3*i - 200. What is the tens digit of c?
9
Suppose -4*i - v + 5 = 2*v, -25 = -3*i + 2*v. Suppose -i*o + 6 + 14 = 0. Suppose -4*j = -o*w - 0*w - 208, -5*w = -3*j + 154. What is the units digit of j?
3
Let w be (28/(-7))/(-1*1/1). Suppose -2*b = -w, -6*r + 3*b + 409 = -r. What is the units digit of r?
3
Let y(b) = -10*b - 6. Let r(t) = t + 1. Let h(j) = 4*r(j) - y(j). Let g be h(-7). What is the tens digit of (g/(-12) + -3)*6?
2
What is the tens digit of ((-260)/(-6))/((-18)/(-2268))?
6
Suppose -3*o + 14 = 5. Suppose -o*f - l = -5*f + 31, 5*l + 35 = 2*f. What is the units digit of f?
5
Let d(t) = t + 13. Let j be d(-9). Suppose -4*w - 2*i + 279 + 47 = 0, 3*i - 325 = -j*w. Suppose 23 = 3*c - w. What is the units digit of c?
5
Suppose -2*k - u = -7, -6 = -3*u + 5*u. Suppose -3*r + k*w = -168 - 470, 2*w = -8. Let y = r - 146. What is the units digit of y?
0
Suppose -1911 - 2314 = -5*f. What is the tens digit of f?
4
Suppose -3*w + 0*w = -633. Suppose -67 = 3*z - w. Suppose j - 4*j + z = 0. What is the units digit of j?
6
Suppose 5*s = -c + 15525, 5*s - 59*c - 15545 = -64*c. What is the thousands digit of s?
3
Suppose 0 = 2*h - 0*h + 10. Let z(b) = -2*b - 2. Let c be z(h). Suppose 9*w - c*w = 44. What is the tens digit of w?
4
Let z(n) be the first derivative of 4*n**3 - 3*n**2 + 5. What is the units digit of z(4)?
8
Let q = 14 + -11. Suppose z - 45 = 3*w, 3*z - 42 - 81 = -q*w. Suppose 7*v = 4*v + z. What is the tens digit of v?
1
Let l = 7 + -4. Suppose -w = 5*k - 9, k - 6*k + 17 = l*w. What is the units digit of k?
1
Suppose -6*n = -2*n - 44. Let a(l) = -l**3 + 10*l**2 + 8*l - 4. Let q be a(n). Let o = -21 - q. What is the units digit of o?
6
Suppose -3*d - 961 = -5*t + 545, 3*t - 2510 = 5*d. Let m = d - -703. What is the hundreds digit of m?
2
Let o(d) = -7*d + 25. Let n be o(10). Let t = n + 64. What is the tens digit of t?
1
Suppose 10*m - 492 = -2*m. Suppose -3*s - m = -5*x - 180, -5*s - 4*x + 244 = 0. What is the units digit of s?
8
Suppose -30*l + 5351 = -1789. What is the hundreds digit of l?
2
What is the units digit of 8953/9 - (7 + 195/(-27))?
5
Let q = -625 - -1115. What is the units digit of q?
0
Let l(i) = -2*i**2 + 5*i + 3. Let g be l(4). Let d = g + 9. Suppose 11 + 7 = 2*u + 2*w, d = -4*u + 3*w + 43. What is the units digit of u?
0
Suppose -5*l + 9*c = 13*c - 1198, 5*c = 5*l - 1180. What is the hundreds digit of l?
2
Let t = 153 - 90. Let r = 209 - t. What is the tens digit of r?
4
Suppose 3*t = -3*p + 6, 4*t - 10 = -t. Suppose -3*j + 4*l + 35 - 9 = 0, p = 5*j - 4*l - 46. What is the units digit of j?
0
Suppose 2*f + 2*f - 20 = 0. Suppose 4*i - 4*n = 13 + 3, 32 = 5*i + n. Let d = i - f. What is the units digit of d?
1
Let r(p) be the first derivative of -p**4/4 - p**2/2 + p - 1. Let h be r(-3). Let z = h + -14. What is the tens digit of z?
1
Suppose -5*t = 3 + 52. Let h = t - -16. Suppose 2*z + 2 = 0, h*a - z - 24 - 112 = 0. What is the units digit of a?
7
Let y(l) = 2*l**2 + 27*l + 25. What is the hundreds digit of y(-18)?
1
Suppose -3*s - 2*l = l - 3, -2*s + 10 = 4*l. Let d be -3 + 4 + s + 6. Let y(p) = 4*p + 14. What is the tens digit of y(d)?
3
Let z = -3 + 5. Suppose -3*s = -5*g - z*s + 9, -